{"id":87,"date":"2019-10-24T15:25:12","date_gmt":"2019-10-24T12:25:12","guid":{"rendered":"http:\/\/demo.safirtema.com\/delta\/?page_id=87"},"modified":"2026-03-26T13:26:39","modified_gmt":"2026-03-26T10:26:39","slug":"cozum-ortaklari","status":"publish","type":"page","link":"https:\/\/yamanitriyat.com\/?page_id=87","title":{"rendered":"\u00c7\u00f6z\u00fcm Ortaklar\u0131"},"content":{"rendered":"\n<figure class=\"wp-block-gallery has-nested-images columns-default is-cropped wp-block-gallery-1 is-layout-flex wp-block-gallery-is-layout-flex\">\n<figure class=\"wp-block-image size-large\"><img loading=\"lazy\" decoding=\"async\" width=\"900\" height=\"405\" data-id=\"468\" src=\"http:\/\/yamanitriyat.com\/wp-content\/uploads\/2026\/03\/tWqCWBmFsmzUqn61NZJRThqlE-1.avif\" alt=\"\" class=\"wp-image-468\" srcset=\"https:\/\/yamanitriyat.com\/wp-content\/uploads\/2026\/03\/tWqCWBmFsmzUqn61NZJRThqlE-1.avif 900w, https:\/\/yamanitriyat.com\/wp-content\/uploads\/2026\/03\/tWqCWBmFsmzUqn61NZJRThqlE-1-300x135.avif 300w, https:\/\/yamanitriyat.com\/wp-content\/uploads\/2026\/03\/tWqCWBmFsmzUqn61NZJRThqlE-1-768x346.avif 768w\" sizes=\"auto, (max-width: 900px) 100vw, 900px\" \/><\/figure>\n\n\n\n<figure class=\"wp-block-image size-large\"><img loading=\"lazy\" decoding=\"async\" width=\"782\" height=\"119\" data-id=\"470\" src=\"http:\/\/yamanitriyat.com\/wp-content\/uploads\/2026\/03\/prp_ilac-1.png\" alt=\"\" class=\"wp-image-470\" srcset=\"https:\/\/yamanitriyat.com\/wp-content\/uploads\/2026\/03\/prp_ilac-1.png 782w, https:\/\/yamanitriyat.com\/wp-content\/uploads\/2026\/03\/prp_ilac-1-300x46.png 300w, https:\/\/yamanitriyat.com\/wp-content\/uploads\/2026\/03\/prp_ilac-1-768x117.png 768w\" sizes=\"auto, (max-width: 782px) 100vw, 782px\" \/><\/figure>\n\n\n\n<figure class=\"wp-block-image size-large\"><img loading=\"lazy\" decoding=\"async\" width=\"140\" height=\"47\" data-id=\"472\" src=\"http:\/\/yamanitriyat.com\/wp-content\/uploads\/2026\/03\/Ekran-goruntusu-2026-03-25-201807.png\" alt=\"\" class=\"wp-image-472\"\/><\/figure>\n\n\n\n<figure class=\"wp-block-image size-large\"><img loading=\"lazy\" decoding=\"async\" width=\"559\" height=\"164\" data-id=\"469\" src=\"http:\/\/yamanitriyat.com\/wp-content\/uploads\/2026\/03\/image-removebg-preview-2.png\" alt=\"\" class=\"wp-image-469\" srcset=\"https:\/\/yamanitriyat.com\/wp-content\/uploads\/2026\/03\/image-removebg-preview-2.png 559w, https:\/\/yamanitriyat.com\/wp-content\/uploads\/2026\/03\/image-removebg-preview-2-300x88.png 300w\" sizes=\"auto, (max-width: 559px) 100vw, 559px\" \/><\/figure>\n<\/figure>\n\n\n\n<p><\/p>\n","protected":false},"excerpt":{"rendered":"","protected":false},"author":1,"featured_media":0,"parent":0,"menu_order":0,"comment_status":"closed","ping_status":"closed","template":"pages\/page-references.php","meta":{"footnotes":""},"class_list":["post-87","page","type-page","status-publish","hentry"],"_links":{"self":[{"href":"https:\/\/yamanitriyat.com\/index.php?rest_route=\/wp\/v2\/pages\/87","targetHints":{"allow":["GET"]}}],"collection":[{"href":"https:\/\/yamanitriyat.com\/index.php?rest_route=\/wp\/v2\/pages"}],"about":[{"href":"https:\/\/yamanitriyat.com\/index.php?rest_route=\/wp\/v2\/types\/page"}],"author":[{"embeddable":true,"href":"https:\/\/yamanitriyat.com\/index.php?rest_route=\/wp\/v2\/users\/1"}],"replies":[{"embeddable":true,"href":"https:\/\/yamanitriyat.com\/index.php?rest_route=%2Fwp%2Fv2%2Fcomments&post=87"}],"version-history":[{"count":4,"href":"https:\/\/yamanitriyat.com\/index.php?rest_route=\/wp\/v2\/pages\/87\/revisions"}],"predecessor-version":[{"id":473,"href":"https:\/\/yamanitriyat.com\/index.php?rest_route=\/wp\/v2\/pages\/87\/revisions\/473"}],"wp:attachment":[{"href":"https:\/\/yamanitriyat.com\/index.php?rest_route=%2Fwp%2Fv2%2Fmedia&parent=87"}],"curies":[{"name":"wp","href":"https:\/\/api.w.org\/{rel}","templated":true}]}}